 common divisor of k and i?
22
Let f be (10/25)/(8/4320). Suppose -15 = -5*y + 5*h + 75, -3*h = -2*y + 36. Let i be (-24)/y*18*-1. Calculate the highest common factor of f and i.
24
Let d(i) = 27*i + 220. Let x be d(-24). Let a = x - -443. Calculate the greatest common factor of 555 and a.
15
Suppose 112*c = 129*c - 357. What is the highest common divisor of c and 280?
7
Let q be 0 - (1 + (-2 - -6)) - 128. Let m = 178 + q. What is the greatest common factor of m and 45?
45
Suppose 0 = -0*c + 4*c - 84. Let h = -374 - -388. Calculate the greatest common factor of h and c.
7
Suppose 5*t = 4*o - 0*t - 178, 3*o + 3*t - 120 = 0. Suppose -m = -10 + 5. Suppose -m*q + 502 = -23. Calculate the greatest common factor of q and o.
21
Suppose 9*q + q = -430. Let p = q + 49. Let j be (2 + (-1 - -2))/(p/32). Calculate the highest common factor of 16 and j.
16
Let h(m) = m**2 - 54 + 54 - 3*m. Let b be h(4). Suppose -b*o + 12*o - 1056 = 0. What is the greatest common factor of 12 and o?
12
Suppose -2*v = 0, 6*v = -4*y + 4*v + 16. Let t = 7 - 4. Suppose 4*g + 5*r - 13 = 0, -t*g = -r - 3*r - 2. What is the greatest common factor of y and g?
2
Let s = 10195 - 6893. What is the greatest common divisor of s and 1143?
127
Let d be 193 + -3 - 16/12*-3. What is the greatest common divisor of d and 291?
97
Let o be (4 - -9) + 55559/21*3. Calculate the highest common divisor of 300 and o.
150
Let l(a) = 7*a + 2. Let k be l(0). Let m be (-2 + 0)/2 - (-72)/k. Calculate the highest common factor of m and 10.
5
Let i be 2265/(-151) + -3 + 107. Calculate the greatest common factor of 51353 and i.
89
Suppose 2203848 = 961*d - 790*d. What is the greatest common factor of d and 54?
18
Let d(k) = -2*k + 44. Let x be d(16). Let v be (-5 - -2)*(148/x + -3). Let y = 22 - v. What is the greatest common divisor of 20 and y?
10
Let n(p) = 166*p - 2534. Let i be n(17). What is the highest common factor of 9 and i?
9
Suppose 0 = -4*h + 62 + 50. Let u be 2/(-5) + 7/140*h. Calculate the highest common factor of 8 and u.
1
Let o be (-1056)/64*(-180)/11. Calculate the greatest common factor of o and 3645.
135
Suppose 4*n - 75 = -21*n. Let d be -1*n*(-5)/30*14. Calculate the greatest common factor of 56 and d.
7
Let z(m) = 6*m**2 - 4*m + 6. Let t be z(4). Let y = -110 + 52. Let c = t + y. Calculate the highest common factor of c and 14.
14
Suppose 0 = -n + 2*n - 3*l - 147, l + 555 = 4*n. Let v(g) = -306*g - 18321. Let q be v(-61). What is the highest common divisor of n and q?
69
Let x be 7/(-21) - ((-564)/(-27) - 1)*-6. What is the greatest common divisor of x and 9877?
119
Let i be 2*2 - (3 - 10 - -4). Suppose -i*w - b - 19 = -8*w, -2*w + 40 = -3*b. What is the highest common factor of 68 and w?
17
Suppose -162 = -237*x + 219*x. Let n be 24/(-9)*27/(-6). What is the greatest common factor of n and x?
3
Suppose 5*x = -5*b + 3200, -7*b + 3*x + 2574 = -3*b. Calculate the greatest common factor of b and 12.
6
Let z be ((-96)/(-21) - 4)/(4/14). Suppose -2*s = -2*j + 2 - 0, -z*j + 10 = 2*s. Suppose -j*n + 34 + 14 = 0. Calculate the greatest common factor of n and 24.
8
Suppose 2*c = 5*q + 229, 2*c + 3*q + q - 238 = 0. Let x be ((-513)/(-38))/((-195)/(-30) - 5). What is the highest common factor of x and c?
9
Let t be -4*((-1)/(-1))/1. Let v(o) = -5*o - 17. Let b be v(t). Suppose 17 = b*q + c - 23, 80 = 5*q - 5*c. What is the greatest common divisor of 70 and q?
14
Suppose 199*i - 211*i + 252 = 0. Calculate the greatest common factor of i and 69.
3
Let d(p) = -2*p**3 + 9*p**2 + 12*p - 13. Let o be d(-6). Suppose 7*f - o = -209. What is the highest common factor of f and 176?
22
Let l = 928 + -37. What is the greatest common factor of 3159 and l?
81
Let g(i) = 32 - 10 - i**3 - 9 + 2*i + 3*i**2. Let v be g(3). What is the greatest common factor of 361 and v?
19
Suppose 8*v - 52 = 4*q + 6*v, -5*q + 4*v = 68. Let t be ((-96)/(-52))/q - (-236)/13. Calculate the highest common divisor of 144 and t.
18
Let v be (-34)/(-9) - 4 - (-10)/45. Suppose -13*g + 51 + 79 = v. What is the greatest common divisor of g and 110?
10
Let z be (20/(-15))/((-2)/6). Suppose -z*t + 15 = t. Suppose 0 = y - 5*q + 2*q, -2*y - t*q = -9. Calculate the greatest common factor of y and 1.
1
Let g = -108376 - -158585. What is the greatest common factor of g and 59?
59
Let s(c) = c**3 + 6*c**2 - 13*c + 6. Let i be s(3). Let f be 64/i*(-1 + 25). Calculate the greatest common divisor of f and 4.
4
Let q be 13545/175 + (-4)/10. Calculate the greatest common factor of 1353 and q.
11
Suppose 0 = -124*k + 97*k + 175230. What is the highest common divisor of 10 and k?
10
Let w(z) = 169*z + 43. Let p be w(8). Suppose -1400*u + 105 = -p*u. Calculate the highest common factor of 28 and u.
7
Let a be (147/(-14))/((-15)/20). Suppose -a*h - 5760 = -44*h. Calculate the highest common factor of 160 and h.
32
Suppose -u - b + 2 = 1, 4*b + 20 = 2*u. Let v be u + (-8)/(-12)*-3. Suppose -v*x - 15 = -47. What is the highest common factor of x and 128?
16
Let y = 14 - 10. Suppose 0 = -m + y, 5 - 39 = -o - 5*m. Suppose 0 = 5*w + 3*w - 896. What is the greatest common divisor of o and w?
14
Let u(n) = -117*n + 708. Let g be u(6). Let r = -369 + 262. Let d be g/(-3 - -5) - r. Calculate the highest common divisor of d and 10.
10
Suppose 0 = 2*q + 3*w - 77, 0 = -q + 3*w - 8*w + 56. Let b be (-5 - 1)*(9 + 350/(-42)). Let i be q - b*4/(-16). What is the greatest common factor of i and 120?
30
Let b = -62 - -98. Let m be 6 + 1 - (150/5)/10. Suppose -w + m*z = w - 20, -b = -2*w - 4*z. Calculate the highest common factor of 21 and w.
7
Let d be (5/(-20))/((-10)/80). Suppose 5*y = -2*s + 55, 4*s = 3*s + 5. What is the highest common factor of y and d?
1
Suppose 12556 = 18*j - 22004. Suppose 0 = -0*i - 10*i + j. What is the greatest common divisor of i and 48?
48
Suppose -4*t + 161 + 259 = 0. Let o be (8/14)/((114/(-665))/(-3)). Calculate the greatest common factor of o and t.
5
Let x = 103 - 71. Suppose -5*z = 4*k - 82, 3*z - x - 12 = -5*k. Suppose 7*d - 275 = 103. What is the highest common divisor of z and d?
18
Suppose -5 = 5*l, 2*l = 4*v - 0*l - 5750. Let d = v + -896. Suppose 0 = -3*x - 190 + d. What is the highest common factor of 13 and x?
13
Suppose -173 + 176 = -y, -2*y - 996 = -k. What is the highest common factor of k and 54?
18
Suppose -7*p + 2133 - 75 = 0. Let o = p - 293. What is the highest common factor of o and 3?
1
Let n(v) = -7*v + 87. Let k be n(1). What is the greatest common divisor of k and 440?
40
Let y be 23/(897/1742)*(2 + 1). What is the greatest common factor of y and 201?
67
Let u be ((-238)/85)/(30/(-6000)). Let q be 12/2*56/12. Calculate the greatest common factor of q and u.
28
Suppose 5*s - 585 = -i, 5*s - 583 = -4*i + 17. Let q = 744 - 742. What is the highest common factor of s and q?
2
Let h = -2996 - -3001. Calculate the greatest common divisor of 5 and h.
5
Let r(n) = -n**3 + 43*n**2 - 140*n + 451. Let o be r(39). Suppose -m + 2*m = 43. Calculate the greatest common divisor of m and o.
43
Suppose 7*a = -3*z + 5*a + 192, 0 = 2*a. Suppose -5*i = 4*x - 160, -2*i + 0*x - 2*x + z = 0. Calculate the highest common divisor of 240 and i.
16
Let o = -17467 + 17476. Calculate the highest common divisor of o and 7983.
9
Suppose -2445 = 5*z - 8*z - 5*m, -2*z = 2*m - 1626. What is the highest common divisor of 60 and z?
30
Let z be (-20)/1*101/(-505)*(-1 + 157). What is the greatest common factor of 6032 and z?
208
Suppose -4*m + 231 = -2*a - 203, -455 = -4*m - a. What is the greatest common divisor of 112 and m?
112
Suppose t - 5*t + j + 280 = 0, 0 = 5*t + 5*j - 350. Let f be 60/20*(-446)/(-6). Let d = -209 + f. What is the highest common factor of t and d?
14
Suppose 3*j - 5*j = -36. Let r = -90 + 112. Suppose r*a = 534 + 456. What is the greatest common divisor of j and a?
9
Suppose -146704 + 2610091 = 121*n - 150455. Calculate the greatest common divisor of n and 14.
14
Suppose -17 = c - 4*r - 42, -r = 5*c - 20. Let t be 9/3*(c + -18). Let f = t + 49. What is the greatest common divisor of f and 15?
5
Let s = -15 + 5. Let y = s - -11. Let z be 144 - -6*y/2. Calculate the highest common divisor of z and 21.
21
Suppose -159*s = -5*j - 163*s + 61, -4*j - 2*s + 44 = 0. Let x(l) = 17*l**2. Let m be x(-3). Calculate the greatest common f